*j = 3*b - 1347. What are the prime factors of b?
2, 3, 37
Let p be (-23)/7 - 4/(-14). Suppose 10 - 73 = -3*g. Let b = p + g. List the prime factors of b.
2, 3
Let q(w) = w**2 - 3*w - 19. List the prime factors of q(16).
3, 7
Suppose -6 = 3*v + 84. Let j be 18/15*v/9. What are the prime factors of j - -1 - 216/(-9)?
3, 7
Let d be (0 - 0) + -78 + 3. Let x be d/(-10)*(-2)/(-3). Suppose -3*v + 5*v + 4*o = 74, 119 = 2*v - x*o. What are the prime factors of v?
47
Let u = 8 - 6. Suppose 0*q = -u*q + 12. Let r = 10 - q. What are the prime factors of r?
2
Let q(v) = v**2 - 3*v - 3. Let o(b) = b. Let y be o(6). Let j be q(y). Suppose -4*u + 0*u + 2*f + 100 = 0, u - j = 3*f. What are the prime factors of u?
3
Let t = -53 + 53. Suppose f - 112 + 9 = t. What are the prime factors of f?
103
Let v(r) = 6*r**2 + r + 4. List the prime factors of v(6).
2, 113
Suppose 3179 + 1701 = 8*o. What are the prime factors of o?
2, 5, 61
Let d = -149 + 330. List the prime factors of d.
181
Let q(y) = y**3 + 5*y**2 - 3*y - 10. Let b be q(-4). Let c = 52 - b. List the prime factors of c.
2, 17
Let z(r) = -r**2 + 10*r - 21. Let w be z(4). Suppose 0 = 5*q - w*q - 174. List the prime factors of q.
3, 29
Let p(l) = 188*l**2 - 167*l + 6. What are the prime factors of p(-4)?
2, 7, 263
Let p(i) = i + 21. Let a(k) = k**2 - 9*k + 2. Let g be a(3). Let o be p(g). Suppose 2*u + 8 = 0, -102 = -o*r + u + 237. What are the prime factors of r?
67
Let l = 48 + 71. List the prime factors of l.
7, 17
Suppose v - 5*w = -44, -v - 2*w = w + 44. Let c = v + 85. List the prime factors of c.
41
Let h(k) = 6*k**3 + k**2 + k + 2. Let s = 3 + -1. Let x be h(s). Let u = -40 + x. What are the prime factors of u?
2
Suppose -3*t - 2*t = -5*x - 30, 0 = -4*x - 3*t - 38. What are the prime factors of x/(-6)*(-72)/(-2)?
2, 3
Let j(t) be the first derivative of 2*t**2 - 9*t + 1. What are the prime factors of j(4)?
7
Let i = -317 - -650. List the prime factors of i.
3, 37
Suppose 0 = -5*j - 102 - 48. Let r = 37 + j. What are the prime factors of r?
7
Let v be 34/119 - (-108)/14. Suppose -10*p + 16 = -v*p. List the prime factors of p.
2
Suppose 8*y = 9*y + 2. List the prime factors of ((-25)/y - 1) + (-3)/2.
2, 5
Let p be 62 - 0*(-2)/4. Let v = 26 - p. Let c = 59 + v. List the prime factors of c.
23
Let j(y) = 2*y - 1. Let k be j(2). Suppose 0 = -3*v + k + 15. What are the prime factors of 122/6 + 4/v?
3, 7
Let s = 12 - -4. Suppose 4*q - s = -0*q - 4*k, k - 6 = -2*q. List the prime factors of q.
2
Suppose 4*v = 2*l + 398, -v + 0*v + 2*l + 98 = 0. Suppose 4*n + 3 = 23. Suppose 0*u = n*u - v. What are the prime factors of u?
2, 5
Let w = 35 - 23. List the prime factors of 1/(w/(-8))*-63.
2, 3, 7
Let w = 18 - 9. Let l(o) = 6*o - 4. What are the prime factors of l(w)?
2, 5
Suppose 6*p = -0*p + 24. Suppose 616 = 4*f - p*c, 5*f + 3*c - 1039 = -293. What are the prime factors of f?
151
Suppose -4*n = 4*x - 16, 3*n = 5*x - 2*x. Suppose -19 = -3*y - 10, -304 = -s + n*y. What are the prime factors of s?
2, 5, 31
Suppose -3*x = 15, -5*x - 18 = -3*v + 520. Suppose 6*u + v = 9*u. Suppose -5*z + u = -93. List the prime factors of z.
2, 3, 5
Let z = 84 + -76. Suppose z*f - 248 = -0*f. List the prime factors of f.
31
Let t = 440 - -430. List the prime factors of t.
2, 3, 5, 29
Suppose 0 = -a + 3 + 1. Let o(m) = -5*m + 57. Let f be o(10). Let j = a + f. List the prime factors of j.
11
Let d(i) = -i**2 - i + 14. Let j be d(3). Let l be (-6)/(-4) + (-1)/(-2). Suppose 0 = -j*n - l*n + 84. List the prime factors of n.
3, 7
Let j be 4 - 48/3 - -2. Let b = -8 - j. Suppose -a - 6 = 2*a, 5*q + b*a = 21. List the prime factors of q.
5
Let a = 764 - 292. List the prime factors of a.
2, 59
Let v = -113 + 189. What are the prime factors of (v/2)/(2 + (-20)/12)?
2, 3, 19
Let p = 4250 - 862. List the prime factors of p.
2, 7, 11
Let k be 6192/312 + 2/13. Suppose 10*g = 5*g - k, -280 = -4*w + g. What are the prime factors of w?
3, 23
What are the prime factors of (-16)/3*(3 - 594/12)?
2, 31
List the prime factors of (3 - 7)/(((-12)/2313)/2).
2, 3, 257
Let y = -10 - -10. Suppose y = -2*j + j - 1. What are the prime factors of 20 + 2/j + -2?
2
List the prime factors of 42760/44 + 285/55 + -5.
2, 3
Suppose -15*n + 919 = -1856. Suppose g + n = 5*t - 1076, 20 = 5*g. What are the prime factors of t?
11, 23
Let k = 47 - 33. Let g = -15 + -5. What are the prime factors of 60/k + g/70?
2
Suppose 0 = 30*i - 40*i + 5070. List the prime factors of i.
3, 13
Let i(n) = -2*n - 19 - 1 - n - n. Let x(r) = r + 7. Let z(l) = 3*i(l) + 8*x(l). List the prime factors of z(-9).
2
Suppose 0 = -8*z + 50*z - 92736. List the prime factors of z.
2, 3, 23
Suppose -g - 5*o - 3 + 5 = 0, 5*g - 10 = -4*o. What are the prime factors of g + (-526)/(-10) - 9/15?
2, 3
Let f(q) = q + 8. Let j be f(-5). Let g(i) = -i**3 - 5*i**2 - i - 1. Let x be g(-5). Suppose 16 = x*u + b, -u = b + b + j. List the prime factors of u.
5
Suppose 0 = 93*x - 54*x - 113451. List the prime factors of x.
2909
What are the prime factors of (1 + 65)/((-6)/(-48))?
2, 3, 11
Let n = -5 + 10. Let z(y) = -n*y**2 + y - 3*y**3 + 5 + 2*y**3 - 10. What are the prime factors of z(-6)?
5
Let z(s) = 4*s - 13. Let g be z(-4). Let j = 59 - g. What are the prime factors of j?
2, 11
Let z(q) = -q**2 + 3*q. Let n be z(2). Suppose n*g + 11 = -23. Let d = g - -34. List the prime factors of d.
17
Suppose 0*x + 282 = 3*x - 3*o, 4*o + 285 = 3*x. List the prime factors of x.
7, 13
Let q(b) be the first derivative of b**4/4 - 2*b**3 + 8*b + 4. Let g be q(6). Let n = g + 19. List the prime factors of n.
3
Let g = 60 + -33. What are the prime factors of g - ((1 - -2) + -2)?
2, 13
Let k be -17 + 1 + 2 + -2. List the prime factors of 14*(4/k*6 - -3).
3, 7
Let s(z) = 324*z**2 + 2*z + 1. What are the prime factors of s(-1)?
17, 19
Suppose -3*n - 4*p = -14182, -n = 2*n + 3*p - 14178. What are the prime factors of n?
2, 3, 787
Let r(t) = -t**3 - 5*t**2 + 7*t + 6. Let o be r(-6). Suppose o = 3*l - 8*l - 5. List the prime factors of l/1 - (-20 + 0).
19
Let p(u) be the first derivative of -u**4/4 + 10*u**3/3 + 7*u**2 - 17*u + 6. List the prime factors of p(11).
2
Let n(k) be the second derivative of 5*k**3/6 + k**2/2 - 2*k. Let u be 5*(-3)/(-9)*3. List the prime factors of n(u).
2, 13
Let m(k) = k**3 - 17*k**2 + 26*k - 60. What are the prime factors of m(22)?
2, 733
Let u = -114 + 267. What are the prime factors of u?
3, 17
Let j(x) = x + 4. Let k be j(-2). List the prime factors of (-9696)/(-120) - k/(-10).
3
Let p(r) = 3*r**2 + r + 9. Let y be p(5). Let u = y + -39. List the prime factors of u.
2, 5
Suppose -n + 6 = 4*w - 27, 50 = 5*w + 3*n. Suppose -15*v + 296 = -w*v. List the prime factors of v.
37
Let v be (40/18 - 2) + 318/27. What are the prime factors of ((-188)/3)/((-8)/v)?
2, 47
Let r(w) = -w + 1. Let l(g) = -7*g - 6. Let u(n) = -7*n - 7. Let o(z) = -6*l(z) + 5*u(z). Let s(y) = -o(y) - 2*r(y). What are the prime factors of s(-3)?
2, 3
Let c(o) = 8*o**2 + 20*o - 120. List the prime factors of c(10).
2, 5, 11
Let n(w) = w + 5. Let g be n(0). Suppose 0 = -0*s - g*s + 30. Suppose 0 = -h + 15 + s. What are the prime factors of h?
3, 7
Suppose -3*p = -4 - 2. Suppose -2*t = -t - 2*f - 33, -p*t + f = -57. What are the prime factors of t?
3
Let l = 287 + 1017. What are the prime factors of (5/(-20)*1)/((-2)/l)?
163
Let j(u) = 6*u**2 - 4*u + 35. What are the prime factors of j(-5)?
5, 41
What are the prime factors of 602691/395 + (-12)/(-10)?
3, 509
Suppose -4*m = -98 - 98. Suppose -50*w + 51*w = m. What are the prime factors of w?
7
Let t = -8 - -9. Let k(n) = 14*n**3 + n**2 - 1. List the prime factors of k(t).
2, 7
Suppose 0 = 3*c + 5*f - 4 - 6, 0 = 2*c + f - 2. Suppose 4*n - i = 684, 0 = -c*n - 2*n + 3*i + 352. List the prime factors of n.
2, 5, 17
Suppose r + 2*i = 3864, -3*r = -i - 2904 - 8716. What are the prime factors of r?
2, 11
Let o be (-332)/(-3) + (-4)/(-3). Let z = 182 - o. List the prime factors of z.
2, 5, 7
Suppose -4 = -0*d + d, w = 4*d + 21. Suppose -3*c = 3*g + 3, 5*c - 3*c - w*g - 26 = 0. Suppose -c = 3*h + 3, 0 = -2*o - 3*h + 36. List the prime factors of o.
3, 7
List the prime factors of 7/35 - (-2894)/5.
3, 193
Let q(t) be the third derivative of -t**6/240 + t**5/60 - 7*t**4/24 - 2*t**2. Let y(g) be the secon